. Suppose 0 = -3*n + z*c - 13, -n - 3*c = -6*n + 5. What is the greatest common factor of 10 and n?
2
Suppose 1005 = 2*z - 7*g, -15*z = -18*z - 4*g + 1464. What is the highest common factor of z and 24?
12
Suppose 25 = 4*f - 251. Suppose f = g - 5*i, -139 = -3*g - i - 12. Calculate the highest common factor of 132 and g.
44
Suppose 180 = 3*t + 2*t. Calculate the highest common divisor of 8 and t.
4
Let a(q) = -q**2 + 1. Let o be a(-2). Let h(v) = -v**3 - v**2 + 3*v + 2. Let y be h(o). Suppose 3*d - y = 2*d. What is the highest common divisor of 33 and d?
11
Suppose z = -4*i + 39 + 39, -5*z + 495 = -i. Suppose -3*r - 4*f + 57 = -f, -5*r = 2*f - z. What is the greatest common factor of r and 30?
10
Let s(b) = b**2 + 3*b - 2. Let q be s(-5). Suppose z - 36 = -35. Calculate the greatest common divisor of z and q.
1
Suppose -22*g + 314 = -192. What is the highest common factor of 460 and g?
23
Let p(v) = -3*v - 1. Let x be p(-1). Suppose 0 = -x*i - 5*a - 16, i - 5*a - 24 = -i. What is the highest common divisor of 3 and i?
1
Let g = -1481 + 1565. Calculate the highest common divisor of g and 924.
84
Let y(g) = -g**3 - g**2 - g + 1. Let v(d) = 5*d**3 + 7*d + 8. Let w(c) = -v(c) - 6*y(c). Let r be w(-5). What is the greatest common factor of 128 and r?
16
Suppose 2*h = 9 - 37. Let d be (-18)/(55/(-105) - (-2)/h). What is the highest common divisor of 3 and d?
3
Suppose 4*r + 260 = 8*r. Suppose -9 = 4*g - r. Calculate the highest common factor of 21 and g.
7
Let i be (-33)/11 + (-10)/(-4)*10. Calculate the highest common divisor of i and 198.
22
Let j = 34 - 30. Suppose 3*v - 188 = -5*x, 3*v - j*x = -x + 156. Suppose 2*r - 22 - 10 = -2*o, -5*r = 2*o - 38. What is the greatest common divisor of o and v?
14
Suppose -15*x - 170 = -4*a - 13*x, 3*x = 15. What is the highest common factor of 495 and a?
45
Let o = -76 + 126. Let h = 56 - o. Calculate the greatest common factor of 6 and h.
6
Let l(k) = -k + 26. Let o be l(22). Suppose -2*y + y - h - 11 = 0, -5*y = h + 43. Let r = o - y. What is the greatest common divisor of 96 and r?
12
Let v(f) = f**3 + 8*f**2 - 18*f - 15. Let k be v(-10). Let q = k - -43. Calculate the highest common divisor of q and 4.
4
Let d(l) = 10 - 7*l + l**2 - 10. Let i be d(7). Suppose 3*f + 3*p + 0*p - 129 = i, 0 = 3*f - 5*p - 105. What is the highest common divisor of f and 5?
5
Let p = 715 - 571. Calculate the highest common factor of 384 and p.
48
Let h(y) = -y + 6. Let p be h(6). Suppose 5*i - 80 = 2*d - p, 2*i - 32 = 3*d. Let u be 4/14 + (-894)/(-7). What is the highest common divisor of u and i?
16
Let p = -24 - -56. What is the greatest common factor of p and 16?
16
Suppose 10*i = -22*i + 2176. What is the highest common divisor of 442 and i?
34
Let j be 1 + 0 - (-143)/(3/3). Calculate the highest common divisor of j and 81.
9
Suppose -4*f + 3*h + 24 = 0, -4*f - 2*h = -h - 8. Let k be -8*f/(-6*1). Let q be ((-110)/25)/(2/(-20)). Calculate the greatest common divisor of k and q.
4
Let x be (4/3)/(((-16)/6)/(-8)). Suppose -l + 252 = x*u + l, -4*u + 252 = -5*l. Calculate the greatest common factor of u and 27.
9
Suppose 0 = 3*v - w - 124 - 212, -v + 3*w + 112 = 0. What is the highest common divisor of v and 280?
56
Suppose -k + 19 = -2*n - 1, k = -5*n - 64. Let g = -10 - n. Suppose t + g*r + 2*r = 61, 0 = 3*t - r - 144. What is the highest common divisor of t and 7?
7
Let p be 2/(1/(-1 - -2)). Suppose -212 + 26 = -p*a. What is the highest common divisor of a and 62?
31
Let p be ((-10)/(-3))/((-2)/(-12)). Let d(t) = -t**2 + t + 20. Let m be (-32)/240 + (-4)/(-30). Let r be d(m). Calculate the greatest common divisor of p and r.
20
Suppose -4*d + 20 = 0, 4*d = -2*y + 3*y - 15. Suppose 19*b = 20*b - y. What is the greatest common factor of 14 and b?
7
Let f(r) = 18*r**2 - r + 5. Let v be f(2). Calculate the highest common factor of 30 and v.
15
Let n(p) be the first derivative of p**2/2 + 16*p + 5. Let x be n(-10). Calculate the greatest common divisor of 9 and x.
3
Let i be (6/(-15))/(2/(-10)). Let g(p) = 2*p**2 - p**2 - 11*p + 3*p**2 - 10 - 5*p**2. Let u be g(-4). What is the greatest common factor of i and u?
2
Let x(a) = -3*a**2 + 19*a + 6. Let q be x(11). Let u = -72 - q. What is the highest common factor of 114 and u?
38
Suppose 3*b = -b. Suppose 4*w + 42 - 2 = b. Let n be (-2)/w + (-448)/(-10). What is the highest common divisor of n and 18?
9
Let x(p) = p**3 + 39*p**2 - p + 71. Let n be x(-39). What is the highest common factor of n and 66?
22
Let u be (-4)/(-4) - (-2 + 1). Let d = 0 + 0. Suppose -8 = -u*n - d. Calculate the highest common factor of 6 and n.
2
Let c be (-14560)/(-90) - (-2)/9. Suppose -3*r = -3*m + 148 + 17, m + 3*r - 51 = 0. Calculate the highest common factor of m and c.
54
Suppose -8033 = -20*o + 7087. Calculate the greatest common divisor of o and 84.
84
Suppose -2*i - 3*w = 37 - 83, 4*i = -3*w + 98. What is the greatest common factor of 403 and i?
13
Let q(o) = 11*o**2 + o + 2. Let j be q(3). What is the greatest common divisor of j and 26?
26
Let f be (-416)/(-10) - (-2)/5. Suppose -2*q = 0, -11*o + 8*o = 3*q - 63. Calculate the greatest common divisor of f and o.
21
Let q(p) = 2*p + 14. Let d be q(-5). Let f(o) = -4*o + 16*o - 4 + 4*o. Let l be f(3). What is the greatest common factor of d and l?
4
Let d(w) = -4*w + 3. Let y(p) = 3*p - 2. Let b(i) = 4*d(i) + 5*y(i). Let n be b(2). Suppose -4*f - f + 75 = n. Calculate the highest common factor of f and 105.
15
Let t be (-3)/(9/(-6)) - -21. Suppose 0 = -4*n + 9 + 359. Suppose x + 2*y - n = 0, -58 - 34 = -x + 2*y. What is the greatest common factor of x and t?
23
Suppose 0 = -3*f - 57 - 6. Let v be 3/2*(-70)/f. Suppose -2*k = 6, 5 = -t - k + 7. What is the highest common divisor of t and v?
5
Let n = -182 + 302. What is the greatest common divisor of 150 and n?
30
Let n(l) = -l**3 + 12*l**2 - 11*l + 2. Let d be n(10). Suppose 2*x - 2*c = 54, 3*c - 26 = 2*x - 84. What is the highest common divisor of x and d?
23
Suppose 26 = 31*m - 129. What is the highest common divisor of 45 and m?
5
Let m(d) be the third derivative of d**6/4 + d**4/12 - d**3/3 + 15*d**2. Let n be m(1). What is the greatest common divisor of 90 and n?
30
Let b = -14 + 15. Let q be (-40)/(-5)*(1 - (-30 + b)). Calculate the highest common factor of 30 and q.
30
Let i be (-45)/(-6)*(-26)/(-3). Suppose 16 = t + 5*o + 3, t + o = 13. What is the highest common factor of i and t?
13
Let f = -89 - 7. Suppose q - 240 = 2*a, 489 + 506 = 4*q - a. Let h = f + q. Calculate the greatest common divisor of h and 14.
14
Let s = -1683 + 1921. What is the highest common factor of s and 170?
34
Suppose 3780 = -7*h + 27*h. Calculate the greatest common factor of 7 and h.
7
Let a = -14 - -11. Let r = a + 0. Let q be (-1589)/(-28) - r/(-4). Calculate the greatest common factor of 7 and q.
7
Suppose -7*d + 103 = -191. Let q be ((-56)/d)/((-1)/12). What is the highest common factor of 112 and q?
16
Suppose l + 3*l - 504 = 0. Suppose -11*p + 8*p + 3*b = -42, 0 = -p + 4*b + 14. What is the highest common divisor of l and p?
14
Let z = -21 + 62. Calculate the highest common divisor of z and 451.
41
Let k be 216/117 - (-2)/13. Let a(u) = -u**2 - 8*u + 10. Let j = -17 + 9. Let i be a(j). Calculate the highest common factor of i and k.
2
Let n be 1*(-19 + -1 + 3). Let r = 42 - n. Suppose -5*c = -r - 41. Calculate the highest common factor of c and 140.
20
Let l(u) = 2*u**2 + 17*u - 54. Let o be l(5). Calculate the highest common divisor of 225 and o.
9
Let q = 16 - 21. Let u(w) = -w**2 - 6*w - 1. Let k be u(q). Suppose -3*r + r + 86 = -2*h, k*r - 5*h - 173 = 0. Calculate the highest common factor of r and 6.
6
Suppose 0*u - 9*u + 3870 = 0. Let n = u + -265. Calculate the greatest common factor of n and 15.
15
Suppose -27*f + 6272 = -19*f. Calculate the highest common divisor of 16 and f.
16
Let i be ((-1075)/(-43))/(2/4). Suppose -m - 3 - 1 = -3*n, -12 = 5*n + 3*m. Let c = n - -10. What is the highest common factor of c and i?
10
Let y be (-2 - (1 - 1)) + -2. Let p = y + 0. Let s be (-2)/(-2 - p)*-13. Calculate the highest common divisor of 104 and s.
13
Suppose -602*d = -604*d + 188. Calculate the greatest common divisor of 141 and d.
47
Suppose 13*z - 11*z + 60 = 0. Let p be (56/20)/((-6)/z). Suppose 37 = 3